{"id":2392,"date":"2014-10-02T14:24:36","date_gmt":"2014-10-02T12:24:36","guid":{"rendered":"https:\/\/www.presspadapp.com\/blog\/search_gcse\/"},"modified":"2016-03-09T01:13:18","modified_gmt":"2016-03-08T23:13:18","slug":"thanks-124512qwrqwrwfsr453rw24r","status":"publish","type":"page","link":"https:\/\/www.presspadapp.com\/blog\/thanks-124512qwrqwrwfsr453rw24r\/","title":{"rendered":"Thanks for Subscribing"},"content":{"rendered":"<h2>Welcome back!<\/h2>\n<p>Thanks for subscribing to PressPad blog, and enjoy our premium content. If you have any questions, comments or suggestions regarding <a href=\"http:\/\/www.presspadapp.com\" title=\"PressPad\">PressPad<\/a> or <a href=\"http:\/\/www.presspadapp.com\/lounge\" title=\"PressPad\">PressPad Lounge<\/a> please do not hesitate to contact with us.<\/p>\n<p>Enjoy our articles and tutorials!<\/p>\n<h3>inDesign Magazine Templates<\/h3>\n<figure id=\"attachment_1653\" aria-describedby=\"caption-attachment-1653\" style=\"width: 300px\" class=\"wp-caption aligncenter\"><img data-recalc-dims=\"1\" loading=\"lazy\" decoding=\"async\" src=\"https:\/\/i0.wp.com\/www.presspadapp.com\/blog\/wp-content\/uploads\/2014\/03\/How-to-Use-Our-Professional-Magazine-Templates-for-Indesign.png?resize=300%2C199&#038;ssl=1\" alt=\"magazine app design\" width=\"300\" height=\"199\" class=\"size-medium wp-image-1653\" srcset=\"https:\/\/i0.wp.com\/www.presspadapp.com\/blog\/wp-content\/uploads\/2014\/03\/How-to-Use-Our-Professional-Magazine-Templates-for-Indesign.png?resize=300%2C199&amp;ssl=1 300w, https:\/\/i0.wp.com\/www.presspadapp.com\/blog\/wp-content\/uploads\/2014\/03\/How-to-Use-Our-Professional-Magazine-Templates-for-Indesign.png?resize=624%2C415&amp;ssl=1 624w, https:\/\/i0.wp.com\/www.presspadapp.com\/blog\/wp-content\/uploads\/2014\/03\/How-to-Use-Our-Professional-Magazine-Templates-for-Indesign.png?w=869&amp;ssl=1 869w\" sizes=\"auto, (max-width: 300px) 100vw, 300px\" \/><figcaption id=\"caption-attachment-1653\" class=\"wp-caption-text\">Proffesional inDesign magazine templates ready for commercial use. Click <a ref=\"nofollow\" href=\"http:\/\/bit.ly\/19wM8nG\" target=\"_blank\" title=\"magazine templates\">here<\/a> to download your copy<\/figcaption><\/figure>\n<h3>Digital Distribution Channels Guide<\/h3>\n<figure id=\"attachment_2483\" aria-describedby=\"caption-attachment-2483\" style=\"width: 300px\" class=\"wp-caption aligncenter\"><img data-recalc-dims=\"1\" loading=\"lazy\" decoding=\"async\" src=\"https:\/\/i0.wp.com\/www.presspadapp.com\/blog\/wp-content\/uploads\/2014\/10\/digital-distribution-channels-for-publishers.jpg?resize=300%2C198&#038;ssl=1\" alt=\"Digital Distribution Channels\" width=\"300\" height=\"198\" class=\"size-medium wp-image-2483\" srcset=\"https:\/\/i0.wp.com\/www.presspadapp.com\/blog\/wp-content\/uploads\/2014\/10\/digital-distribution-channels-for-publishers.jpg?resize=300%2C198&amp;ssl=1 300w, https:\/\/i0.wp.com\/www.presspadapp.com\/blog\/wp-content\/uploads\/2014\/10\/digital-distribution-channels-for-publishers.jpg?resize=600%2C396&amp;ssl=1 600w, https:\/\/i0.wp.com\/www.presspadapp.com\/blog\/wp-content\/uploads\/2014\/10\/digital-distribution-channels-for-publishers.jpg?resize=624%2C412&amp;ssl=1 624w, https:\/\/i0.wp.com\/www.presspadapp.com\/blog\/wp-content\/uploads\/2014\/10\/digital-distribution-channels-for-publishers.jpg?w=700&amp;ssl=1 700w\" sizes=\"auto, (max-width: 300px) 100vw, 300px\" \/><figcaption id=\"caption-attachment-2483\" class=\"wp-caption-text\">Learn all about building your own digital distribution channels. Click <a rel=\"nofollow\" href=\"http:\/\/bit.ly\/1JIifRm\" alt=\"Download your copy\">here<\/a> to download your PDF copy<\/figcaption><\/figure>\n<h3>Royalty Free Photos<\/h3>\n<figure style=\"width: 300px\" class=\"wp-caption aligncenter\"><img data-recalc-dims=\"1\" loading=\"lazy\" decoding=\"async\" src=\"https:\/\/i0.wp.com\/presspadapp.com\/free-photos-for-digital-publishers\/img\/covers.png?resize=300%2C417\" width=\"300\" height=\"417\" alt=\"test\" class \/><figcaption class=\"wp-caption-text\">Use this royalty free pictures to amplify your content. Click <a rel=\"nofollow\" href=\"http:\/\/bit.ly\/1f1LV9a\" title=\"bundle 1\">here<\/a> and <a rel=\"nofollow\" href=\"http:\/\/bit.ly\/1fEMDtf\" title=\"bundle 2\">here<\/a> to download your photos.<\/figcaption><\/figure>\n<p>Let us know in the comments below about your needs. We would love to know what resources might be helpful in your work.<\/p>\n<p><em>PressPad Team<\/em><\/p>\n","protected":false},"excerpt":{"rendered":"<p>Welcome back!<br \/>Thanks for subscribing to PressPad blog, and enjoy our premium content. If you have any questions, comments or suggestions regarding PressPad or PressPad Lounge please do not hesitate to contact with us.<br \/>Enjoy our articles and tutorials!<\/p>\n<p>inDesign Magazine Templates<br \/>[caption id=\"attachment_1653\" align=\"aligncenter\" width=\"300\"] Proffesional inDesign magazine templates ready for commercial use. Click here to download your copy[\/caption]<\/p>\n<div class=\"more-link-wrapper\"><a class=\"more-link\" href=\"https:\/\/www.presspadapp.com\/blog\/thanks-124512qwrqwrwfsr453rw24r\/\">Continue reading<span class=\"screen-reader-text\">Thanks for Subscribing<\/span><\/a><\/div>\n","protected":false},"author":7,"featured_media":0,"parent":0,"menu_order":0,"comment_status":"open","ping_status":"closed","template":"","meta":{"rop_custom_images_group":[],"rop_custom_messages_group":[],"rop_publish_now":"initial","rop_publish_now_accounts":{"twitter_333942694_333942694":"","facebook_10225713837976523_125907484158583":""},"rop_publish_now_history":[],"rop_publish_now_status":"pending","footnotes":""},"class_list":["post-2392","page","type-page","status-publish","hentry","entry"],"yoast_head":"<!-- This site is optimized with the Yoast SEO plugin v27.3 - https:\/\/yoast.com\/product\/yoast-seo-wordpress\/ -->\n<title>Thanks for Subscribing - Digital Publishing Blog by PressPad<\/title>\n<meta name=\"robots\" content=\"index, follow, max-snippet:-1, max-image-preview:large, max-video-preview:-1\" \/>\n<link rel=\"canonical\" href=\"https:\/\/www.presspadapp.com\/blog\/thanks-124512qwrqwrwfsr453rw24r\/\" \/>\n<meta property=\"og:locale\" content=\"en_US\" \/>\n<meta property=\"og:type\" content=\"article\" \/>\n<meta property=\"og:title\" content=\"Thanks for Subscribing - Digital Publishing Blog by PressPad\" \/>\n<meta property=\"og:description\" content=\"Welcome back!Thanks for subscribing to PressPad blog, and enjoy our premium content. If you have any questions, comments or suggestions regarding PressPad or PressPad Lounge please do not hesitate to contact with us.Enjoy our articles and tutorials!inDesign Magazine Templates\" \/>\n<meta property=\"og:url\" content=\"https:\/\/www.presspadapp.com\/blog\/thanks-124512qwrqwrwfsr453rw24r\/\" \/>\n<meta property=\"og:site_name\" content=\"Digital Publishing Blog by PressPad\" \/>\n<meta property=\"article:publisher\" content=\"https:\/\/www.facebook.com\/presspad\" \/>\n<meta property=\"article:modified_time\" content=\"2016-03-08T23:13:18+00:00\" \/>\n<meta property=\"og:image\" content=\"https:\/\/www.presspadapp.com\/blog\/wp-content\/uploads\/2014\/03\/How-to-Use-Our-Professional-Magazine-Templates-for-Indesign-300x199.png\" \/>\n<meta name=\"twitter:card\" content=\"summary_large_image\" \/>\n<meta name=\"twitter:site\" content=\"@presspadapp\" \/>\n<meta name=\"twitter:label1\" content=\"Est. reading time\" \/>\n\t<meta name=\"twitter:data1\" content=\"1 minute\" \/>\n<script type=\"application\/ld+json\" class=\"yoast-schema-graph\">{\"@context\":\"https:\\\/\\\/schema.org\",\"@graph\":[{\"@type\":\"WebPage\",\"@id\":\"https:\\\/\\\/www.presspadapp.com\\\/blog\\\/thanks-124512qwrqwrwfsr453rw24r\\\/\",\"url\":\"https:\\\/\\\/www.presspadapp.com\\\/blog\\\/thanks-124512qwrqwrwfsr453rw24r\\\/\",\"name\":\"Thanks for Subscribing - Digital Publishing Blog by PressPad\",\"isPartOf\":{\"@id\":\"https:\\\/\\\/www.presspadapp.com\\\/blog\\\/#website\"},\"primaryImageOfPage\":{\"@id\":\"https:\\\/\\\/www.presspadapp.com\\\/blog\\\/thanks-124512qwrqwrwfsr453rw24r\\\/#primaryimage\"},\"image\":{\"@id\":\"https:\\\/\\\/www.presspadapp.com\\\/blog\\\/thanks-124512qwrqwrwfsr453rw24r\\\/#primaryimage\"},\"thumbnailUrl\":\"https:\\\/\\\/www.presspadapp.com\\\/blog\\\/wp-content\\\/uploads\\\/2014\\\/03\\\/How-to-Use-Our-Professional-Magazine-Templates-for-Indesign-300x199.png\",\"datePublished\":\"2014-10-02T12:24:36+00:00\",\"dateModified\":\"2016-03-08T23:13:18+00:00\",\"breadcrumb\":{\"@id\":\"https:\\\/\\\/www.presspadapp.com\\\/blog\\\/thanks-124512qwrqwrwfsr453rw24r\\\/#breadcrumb\"},\"inLanguage\":\"en-US\",\"potentialAction\":[{\"@type\":\"ReadAction\",\"target\":[\"https:\\\/\\\/www.presspadapp.com\\\/blog\\\/thanks-124512qwrqwrwfsr453rw24r\\\/\"]}]},{\"@type\":\"ImageObject\",\"inLanguage\":\"en-US\",\"@id\":\"https:\\\/\\\/www.presspadapp.com\\\/blog\\\/thanks-124512qwrqwrwfsr453rw24r\\\/#primaryimage\",\"url\":\"https:\\\/\\\/i0.wp.com\\\/www.presspadapp.com\\\/blog\\\/wp-content\\\/uploads\\\/2014\\\/03\\\/How-to-Use-Our-Professional-Magazine-Templates-for-Indesign.png?fit=869%2C579&ssl=1\",\"contentUrl\":\"https:\\\/\\\/i0.wp.com\\\/www.presspadapp.com\\\/blog\\\/wp-content\\\/uploads\\\/2014\\\/03\\\/How-to-Use-Our-Professional-Magazine-Templates-for-Indesign.png?fit=869%2C579&ssl=1\",\"width\":869,\"height\":579,\"caption\":\"Two pages from our own Digital Publishing Guide Magazine\"},{\"@type\":\"BreadcrumbList\",\"@id\":\"https:\\\/\\\/www.presspadapp.com\\\/blog\\\/thanks-124512qwrqwrwfsr453rw24r\\\/#breadcrumb\",\"itemListElement\":[{\"@type\":\"ListItem\",\"position\":1,\"name\":\"Home\",\"item\":\"https:\\\/\\\/www.presspadapp.com\\\/blog\\\/\"},{\"@type\":\"ListItem\",\"position\":2,\"name\":\"Thanks for Subscribing\"}]},{\"@type\":\"WebSite\",\"@id\":\"https:\\\/\\\/www.presspadapp.com\\\/blog\\\/#website\",\"url\":\"https:\\\/\\\/www.presspadapp.com\\\/blog\\\/\",\"name\":\"Digital Publishing Blog by PressPad\",\"description\":\"Digital Publishing Blog; Magazine Apps &amp; Marketing Tips by PressPad\",\"publisher\":{\"@id\":\"https:\\\/\\\/www.presspadapp.com\\\/blog\\\/#organization\"},\"potentialAction\":[{\"@type\":\"SearchAction\",\"target\":{\"@type\":\"EntryPoint\",\"urlTemplate\":\"https:\\\/\\\/www.presspadapp.com\\\/blog\\\/?s={search_term_string}\"},\"query-input\":{\"@type\":\"PropertyValueSpecification\",\"valueRequired\":true,\"valueName\":\"search_term_string\"}}],\"inLanguage\":\"en-US\"},{\"@type\":\"Organization\",\"@id\":\"https:\\\/\\\/www.presspadapp.com\\\/blog\\\/#organization\",\"name\":\"PressPad\",\"url\":\"https:\\\/\\\/www.presspadapp.com\\\/blog\\\/\",\"logo\":{\"@type\":\"ImageObject\",\"inLanguage\":\"en-US\",\"@id\":\"https:\\\/\\\/www.presspadapp.com\\\/blog\\\/#\\\/schema\\\/logo\\\/image\\\/\",\"url\":\"https:\\\/\\\/i0.wp.com\\\/www.presspadapp.com\\\/blog\\\/wp-content\\\/uploads\\\/2013\\\/10\\\/PressPad_LOGO_main_horizontal_gradient.png?fit=800%2C300&ssl=1\",\"contentUrl\":\"https:\\\/\\\/i0.wp.com\\\/www.presspadapp.com\\\/blog\\\/wp-content\\\/uploads\\\/2013\\\/10\\\/PressPad_LOGO_main_horizontal_gradient.png?fit=800%2C300&ssl=1\",\"width\":800,\"height\":300,\"caption\":\"PressPad\"},\"image\":{\"@id\":\"https:\\\/\\\/www.presspadapp.com\\\/blog\\\/#\\\/schema\\\/logo\\\/image\\\/\"},\"sameAs\":[\"https:\\\/\\\/www.facebook.com\\\/presspad\",\"https:\\\/\\\/x.com\\\/presspadapp\",\"https:\\\/\\\/www.instagram.com\\\/presspadapp\\\/\",\"https:\\\/\\\/www.linkedin.com\\\/company\\\/2033158\",\"https:\\\/\\\/www.pinterest.com\\\/presspad\\\/\",\"https:\\\/\\\/www.youtube.com\\\/user\\\/presspad\"]}]}<\/script>\n<!-- \/ Yoast SEO plugin. -->","yoast_head_json":{"title":"Thanks for Subscribing - Digital Publishing Blog by PressPad","robots":{"index":"index","follow":"follow","max-snippet":"max-snippet:-1","max-image-preview":"max-image-preview:large","max-video-preview":"max-video-preview:-1"},"canonical":"https:\/\/www.presspadapp.com\/blog\/thanks-124512qwrqwrwfsr453rw24r\/","og_locale":"en_US","og_type":"article","og_title":"Thanks for Subscribing - Digital Publishing Blog by PressPad","og_description":"Welcome back!Thanks for subscribing to PressPad blog, and enjoy our premium content. If you have any questions, comments or suggestions regarding PressPad or PressPad Lounge please do not hesitate to contact with us.Enjoy our articles and tutorials!inDesign Magazine Templates","og_url":"https:\/\/www.presspadapp.com\/blog\/thanks-124512qwrqwrwfsr453rw24r\/","og_site_name":"Digital Publishing Blog by PressPad","article_publisher":"https:\/\/www.facebook.com\/presspad","article_modified_time":"2016-03-08T23:13:18+00:00","og_image":[{"url":"https:\/\/www.presspadapp.com\/blog\/wp-content\/uploads\/2014\/03\/How-to-Use-Our-Professional-Magazine-Templates-for-Indesign-300x199.png","type":"","width":"","height":""}],"twitter_card":"summary_large_image","twitter_site":"@presspadapp","twitter_misc":{"Est. reading time":"1 minute"},"schema":{"@context":"https:\/\/schema.org","@graph":[{"@type":"WebPage","@id":"https:\/\/www.presspadapp.com\/blog\/thanks-124512qwrqwrwfsr453rw24r\/","url":"https:\/\/www.presspadapp.com\/blog\/thanks-124512qwrqwrwfsr453rw24r\/","name":"Thanks for Subscribing - Digital Publishing Blog by PressPad","isPartOf":{"@id":"https:\/\/www.presspadapp.com\/blog\/#website"},"primaryImageOfPage":{"@id":"https:\/\/www.presspadapp.com\/blog\/thanks-124512qwrqwrwfsr453rw24r\/#primaryimage"},"image":{"@id":"https:\/\/www.presspadapp.com\/blog\/thanks-124512qwrqwrwfsr453rw24r\/#primaryimage"},"thumbnailUrl":"https:\/\/www.presspadapp.com\/blog\/wp-content\/uploads\/2014\/03\/How-to-Use-Our-Professional-Magazine-Templates-for-Indesign-300x199.png","datePublished":"2014-10-02T12:24:36+00:00","dateModified":"2016-03-08T23:13:18+00:00","breadcrumb":{"@id":"https:\/\/www.presspadapp.com\/blog\/thanks-124512qwrqwrwfsr453rw24r\/#breadcrumb"},"inLanguage":"en-US","potentialAction":[{"@type":"ReadAction","target":["https:\/\/www.presspadapp.com\/blog\/thanks-124512qwrqwrwfsr453rw24r\/"]}]},{"@type":"ImageObject","inLanguage":"en-US","@id":"https:\/\/www.presspadapp.com\/blog\/thanks-124512qwrqwrwfsr453rw24r\/#primaryimage","url":"https:\/\/i0.wp.com\/www.presspadapp.com\/blog\/wp-content\/uploads\/2014\/03\/How-to-Use-Our-Professional-Magazine-Templates-for-Indesign.png?fit=869%2C579&ssl=1","contentUrl":"https:\/\/i0.wp.com\/www.presspadapp.com\/blog\/wp-content\/uploads\/2014\/03\/How-to-Use-Our-Professional-Magazine-Templates-for-Indesign.png?fit=869%2C579&ssl=1","width":869,"height":579,"caption":"Two pages from our own Digital Publishing Guide Magazine"},{"@type":"BreadcrumbList","@id":"https:\/\/www.presspadapp.com\/blog\/thanks-124512qwrqwrwfsr453rw24r\/#breadcrumb","itemListElement":[{"@type":"ListItem","position":1,"name":"Home","item":"https:\/\/www.presspadapp.com\/blog\/"},{"@type":"ListItem","position":2,"name":"Thanks for Subscribing"}]},{"@type":"WebSite","@id":"https:\/\/www.presspadapp.com\/blog\/#website","url":"https:\/\/www.presspadapp.com\/blog\/","name":"Digital Publishing Blog by PressPad","description":"Digital Publishing Blog; Magazine Apps &amp; Marketing Tips by PressPad","publisher":{"@id":"https:\/\/www.presspadapp.com\/blog\/#organization"},"potentialAction":[{"@type":"SearchAction","target":{"@type":"EntryPoint","urlTemplate":"https:\/\/www.presspadapp.com\/blog\/?s={search_term_string}"},"query-input":{"@type":"PropertyValueSpecification","valueRequired":true,"valueName":"search_term_string"}}],"inLanguage":"en-US"},{"@type":"Organization","@id":"https:\/\/www.presspadapp.com\/blog\/#organization","name":"PressPad","url":"https:\/\/www.presspadapp.com\/blog\/","logo":{"@type":"ImageObject","inLanguage":"en-US","@id":"https:\/\/www.presspadapp.com\/blog\/#\/schema\/logo\/image\/","url":"https:\/\/i0.wp.com\/www.presspadapp.com\/blog\/wp-content\/uploads\/2013\/10\/PressPad_LOGO_main_horizontal_gradient.png?fit=800%2C300&ssl=1","contentUrl":"https:\/\/i0.wp.com\/www.presspadapp.com\/blog\/wp-content\/uploads\/2013\/10\/PressPad_LOGO_main_horizontal_gradient.png?fit=800%2C300&ssl=1","width":800,"height":300,"caption":"PressPad"},"image":{"@id":"https:\/\/www.presspadapp.com\/blog\/#\/schema\/logo\/image\/"},"sameAs":["https:\/\/www.facebook.com\/presspad","https:\/\/x.com\/presspadapp","https:\/\/www.instagram.com\/presspadapp\/","https:\/\/www.linkedin.com\/company\/2033158","https:\/\/www.pinterest.com\/presspad\/","https:\/\/www.youtube.com\/user\/presspad"]}]}},"jetpack_sharing_enabled":true,"jetpack_shortlink":"https:\/\/wp.me\/Pbs6e8-CA","jetpack-related-posts":[{"id":9452,"url":"https:\/\/presspad.pl\/blog\/dziekujemy-za-subskrypcje\/","url_meta":{"origin":2392,"position":0},"title":"Dzi\u0119kujemy Za Subskrypcj\u0119","author":"Wojtek Szywalski","date":"October 2, 2014","format":false,"excerpt":"Witamy z powrotem!Dzi\u0119kujemy za subskrypcj\u0119 bloga PressPad i zapraszamy do korzystania z naszych tre\u015bci premium. Je\u015bli masz jakie\u015b pytania, komentarze lub sugestie dotycz\u0105ce PressPad lub PressPad Lounge, skontaktuj si\u0119 z nami.Ciesz si\u0119 naszymi artyku\u0142ami i samouczkami! Szablony magazyn\u00f3w inDesign","rel":"","context":"Similar post","block_context":{"text":"Similar post","link":""},"img":{"alt_text":"projektowanie aplikacji dla magazyn\u00f3w","src":"https:\/\/i0.wp.com\/www.presspadapp.com\/blog\/wp-content\/uploads\/2014\/03\/How-to-Use-Our-Professional-Magazine-Templates-for-Indesign-300x199.png?resize=350%2C200&ssl=1","width":350,"height":200},"classes":[]},{"id":5933,"url":"https:\/\/www.presspadapp.com\/blog\/comic-books-publishing-on-ipad\/","url_meta":{"origin":2392,"position":1},"title":"Comic Books Publishing on iPad","author":"Wojtek Szywalski","date":"October 19, 2020","format":false,"excerpt":"Publish Your Comic Bookon iPadStart earning on your workPublish Like a Boss!Become a published author and reach mobile users worldwide with your own mobile app!We are thrilled to see more and more comic book publishers joining our portfolio. It is great for mobile readers (including the whole PressPad team). Comic\u2026","rel":"","context":"Similar post","block_context":{"text":"Similar post","link":""},"img":{"alt_text":"PressPad logo comic book","src":"|!|vcvUploadUrl|!|\/comic-book-ipad-presspad-logo-e1603146824771-154x242.png","width":350,"height":200},"classes":[]},{"id":6013,"url":"https:\/\/www.presspadapp.com\/blog\/blog-template-vc\/","url_meta":{"origin":2392,"position":2},"title":"Blog Template VC","author":"Wojtek Szywalski","date":"November 10, 2020","format":false,"excerpt":"Ron GermonJune 5\u00a0 \u00a0 6 min readThe place you wanted to visit, there is no way to discover.\u00a0Discvoer the wrold you like most\u00a0 service process to the entire world of streaming service long term competition partnership strategy launch party iPad twitter equity non-disclosure agreement. Success metrics direct mailing low hanging\u2026","rel":"","context":"Similar post","block_context":{"text":"Similar post","link":""},"img":{"alt_text":"","src":"|!|vcvUploadUrl|!|\/Blossom.-186x37.png","width":350,"height":200},"classes":[]}],"amp_enabled":true,"_links":{"self":[{"href":"https:\/\/www.presspadapp.com\/blog\/wp-json\/wp\/v2\/pages\/2392","targetHints":{"allow":["GET"]}}],"collection":[{"href":"https:\/\/www.presspadapp.com\/blog\/wp-json\/wp\/v2\/pages"}],"about":[{"href":"https:\/\/www.presspadapp.com\/blog\/wp-json\/wp\/v2\/types\/page"}],"author":[{"embeddable":true,"href":"https:\/\/www.presspadapp.com\/blog\/wp-json\/wp\/v2\/users\/7"}],"replies":[{"embeddable":true,"href":"https:\/\/www.presspadapp.com\/blog\/wp-json\/wp\/v2\/comments?post=2392"}],"version-history":[{"count":25,"href":"https:\/\/www.presspadapp.com\/blog\/wp-json\/wp\/v2\/pages\/2392\/revisions"}],"predecessor-version":[{"id":3058,"href":"https:\/\/www.presspadapp.com\/blog\/wp-json\/wp\/v2\/pages\/2392\/revisions\/3058"}],"wp:attachment":[{"href":"https:\/\/www.presspadapp.com\/blog\/wp-json\/wp\/v2\/media?parent=2392"}],"curies":[{"name":"wp","href":"https:\/\/api.w.org\/{rel}","templated":true}]}}