{"id":4522,"date":"2018-10-23T12:52:14","date_gmt":"2018-10-23T10:52:14","guid":{"rendered":"https:\/\/www.presspadapp.com\/blog\/?page_id=4522"},"modified":"2020-10-18T23:44:19","modified_gmt":"2020-10-18T21:44:19","slug":"dpg-store","status":"publish","type":"page","link":"https:\/\/www.presspadapp.com\/blog\/dpg-store\/","title":{"rendered":"Dpg-store"},"content":{"rendered":"<p><!--vcv no format--><\/p>\n<div class=\"vce-row-container\">\n<div class=\"vce-row vce-row--col-gap-30 vce-row-columns--top vce-row-content--top\" id=\"el-7dfbf5d5\" data-vce-do-apply=\"all el-7dfbf5d5\">\n<div class=\"vce-row-content\" data-vce-element-content=\"true\">\n<div class=\"vce-col vce-col--md-auto vce-col--xs-1 vce-col--xs-last vce-col--xs-first vce-col--sm-last vce-col--sm-first vce-col--md-last vce-col--lg-last vce-col--xl-last vce-col--md-first vce-col--lg-first vce-col--xl-first\" id=\"el-281fabaf\">\n<div class=\"vce-col-inner\" data-vce-do-apply=\"border margin background  el-281fabaf\">\n<div class=\"vce-col-content\" data-vce-element-content=\"true\" data-vce-do-apply=\"padding el-281fabaf\">\n<div class=\"vce-text-block\">\n<div class=\"vce-text-block-wrapper vce\" id=\"el-026298cc\" data-vce-do-apply=\"all el-026298cc\">\n<div id=\"presspad-store\"><\/div>\n<p><script>\n(function(w,d,i,p,h,r,s){\nw['PressPadStoreEmbedObject']=p;\nw[p]=w[p]||function(){(w[p].q=w[p].q||[]).push(arguments)};\ns=d.createElement('script');r=d.getElementById(i);\ns.src='https:\/\/'+h+'\/embed\/store\/v1\/e.js?d='+h;\nr.parentNode.insertBefore(s, r);w[p](i,h);\n})(window,document,'presspad-store','PressPadStoreEmbed',\n'dpg.presspad.store');\n<\/script><\/p>\n<\/div>\n<\/div>\n<\/div>\n<\/div>\n<\/div>\n<\/div>\n<\/div>\n<\/div>\n<div class=\"vce-row-container\">\n<div class=\"vce-row vce-row--col-gap-30 vce-row-columns--top vce-row-content--top\" id=\"el-37be5ec0\" data-vce-do-apply=\"all el-37be5ec0\">\n<div class=\"vce-row-content\" data-vce-element-content=\"true\">\n<div class=\"vce-col vce-col--md-auto vce-col--xs-1 vce-col--xs-last vce-col--xs-first vce-col--sm-last vce-col--sm-first vce-col--md-last vce-col--lg-last vce-col--xl-last vce-col--md-first vce-col--lg-first vce-col--xl-first\" id=\"el-124efc59\">\n<div class=\"vce-col-inner\" data-vce-do-apply=\"border margin background  el-124efc59\">\n<div class=\"vce-col-content\" data-vce-element-content=\"true\" data-vce-do-apply=\"padding el-124efc59\">\n<div class=\"vce vce-separator-container vce-separator--align-center vce-separator--style-dashed\" id=\"el-ce64e309\" data-vce-do-apply=\"margin el-ce64e309\">\n<div class=\"vce-separator vce-separator--color-b-29-100-197 vce-separator--width-67 vce-separator--thickness-1\" data-vce-do-apply=\"border padding background  el-ce64e309\"><\/div>\n<\/div>\n<\/div>\n<\/div>\n<\/div>\n<\/div>\n<\/div>\n<\/div>\n<p><!--vcv no format--><\/p>\n","protected":false},"excerpt":{"rendered":"","protected":false},"author":7,"featured_media":0,"parent":0,"menu_order":0,"comment_status":"closed","ping_status":"closed","template":"templates\/full-width.php","meta":{"rop_custom_images_group":[],"rop_custom_messages_group":[],"rop_publish_now":"initial","rop_publish_now_accounts":{"twitter_333942694_333942694":"","facebook_10225713837976523_125907484158583":""},"rop_publish_now_history":[],"rop_publish_now_status":"pending","footnotes":""},"class_list":["post-4522","page","type-page","status-publish","hentry","entry"],"yoast_head":"<!-- This site is optimized with the Yoast SEO plugin v27.3 - https:\/\/yoast.com\/product\/yoast-seo-wordpress\/ -->\n<title>Dpg-store - Digital Publishing Blog by PressPad<\/title>\n<meta name=\"robots\" content=\"index, follow, max-snippet:-1, max-image-preview:large, max-video-preview:-1\" \/>\n<link rel=\"canonical\" href=\"https:\/\/www.presspadapp.com\/blog\/dpg-store\/\" \/>\n<meta property=\"og:locale\" content=\"en_US\" \/>\n<meta property=\"og:type\" content=\"article\" \/>\n<meta property=\"og:title\" content=\"Dpg-store - Digital Publishing Blog by PressPad\" \/>\n<meta property=\"og:url\" content=\"https:\/\/www.presspadapp.com\/blog\/dpg-store\/\" \/>\n<meta property=\"og:site_name\" content=\"Digital Publishing Blog by PressPad\" \/>\n<meta property=\"article:publisher\" content=\"https:\/\/www.facebook.com\/presspad\" \/>\n<meta property=\"article:modified_time\" content=\"2020-10-18T21:44:19+00:00\" \/>\n<meta name=\"twitter:card\" content=\"summary_large_image\" \/>\n<meta name=\"twitter:site\" content=\"@presspadapp\" \/>\n<script type=\"application\/ld+json\" class=\"yoast-schema-graph\">{\"@context\":\"https:\\\/\\\/schema.org\",\"@graph\":[{\"@type\":\"WebPage\",\"@id\":\"https:\\\/\\\/www.presspadapp.com\\\/blog\\\/dpg-store\\\/\",\"url\":\"https:\\\/\\\/www.presspadapp.com\\\/blog\\\/dpg-store\\\/\",\"name\":\"Dpg-store - Digital Publishing Blog by PressPad\",\"isPartOf\":{\"@id\":\"https:\\\/\\\/www.presspadapp.com\\\/blog\\\/#website\"},\"datePublished\":\"2018-10-23T10:52:14+00:00\",\"dateModified\":\"2020-10-18T21:44:19+00:00\",\"breadcrumb\":{\"@id\":\"https:\\\/\\\/www.presspadapp.com\\\/blog\\\/dpg-store\\\/#breadcrumb\"},\"inLanguage\":\"en-US\",\"potentialAction\":[{\"@type\":\"ReadAction\",\"target\":[\"https:\\\/\\\/www.presspadapp.com\\\/blog\\\/dpg-store\\\/\"]}]},{\"@type\":\"BreadcrumbList\",\"@id\":\"https:\\\/\\\/www.presspadapp.com\\\/blog\\\/dpg-store\\\/#breadcrumb\",\"itemListElement\":[{\"@type\":\"ListItem\",\"position\":1,\"name\":\"Home\",\"item\":\"https:\\\/\\\/www.presspadapp.com\\\/blog\\\/\"},{\"@type\":\"ListItem\",\"position\":2,\"name\":\"Dpg-store\"}]},{\"@type\":\"WebSite\",\"@id\":\"https:\\\/\\\/www.presspadapp.com\\\/blog\\\/#website\",\"url\":\"https:\\\/\\\/www.presspadapp.com\\\/blog\\\/\",\"name\":\"Digital Publishing Blog by PressPad\",\"description\":\"Digital Publishing Blog; Magazine Apps &amp; Marketing Tips by PressPad\",\"publisher\":{\"@id\":\"https:\\\/\\\/www.presspadapp.com\\\/blog\\\/#organization\"},\"potentialAction\":[{\"@type\":\"SearchAction\",\"target\":{\"@type\":\"EntryPoint\",\"urlTemplate\":\"https:\\\/\\\/www.presspadapp.com\\\/blog\\\/?s={search_term_string}\"},\"query-input\":{\"@type\":\"PropertyValueSpecification\",\"valueRequired\":true,\"valueName\":\"search_term_string\"}}],\"inLanguage\":\"en-US\"},{\"@type\":\"Organization\",\"@id\":\"https:\\\/\\\/www.presspadapp.com\\\/blog\\\/#organization\",\"name\":\"PressPad\",\"url\":\"https:\\\/\\\/www.presspadapp.com\\\/blog\\\/\",\"logo\":{\"@type\":\"ImageObject\",\"inLanguage\":\"en-US\",\"@id\":\"https:\\\/\\\/www.presspadapp.com\\\/blog\\\/#\\\/schema\\\/logo\\\/image\\\/\",\"url\":\"https:\\\/\\\/i0.wp.com\\\/www.presspadapp.com\\\/blog\\\/wp-content\\\/uploads\\\/2013\\\/10\\\/PressPad_LOGO_main_horizontal_gradient.png?fit=800%2C300&ssl=1\",\"contentUrl\":\"https:\\\/\\\/i0.wp.com\\\/www.presspadapp.com\\\/blog\\\/wp-content\\\/uploads\\\/2013\\\/10\\\/PressPad_LOGO_main_horizontal_gradient.png?fit=800%2C300&ssl=1\",\"width\":800,\"height\":300,\"caption\":\"PressPad\"},\"image\":{\"@id\":\"https:\\\/\\\/www.presspadapp.com\\\/blog\\\/#\\\/schema\\\/logo\\\/image\\\/\"},\"sameAs\":[\"https:\\\/\\\/www.facebook.com\\\/presspad\",\"https:\\\/\\\/x.com\\\/presspadapp\",\"https:\\\/\\\/www.instagram.com\\\/presspadapp\\\/\",\"https:\\\/\\\/www.linkedin.com\\\/company\\\/2033158\",\"https:\\\/\\\/www.pinterest.com\\\/presspad\\\/\",\"https:\\\/\\\/www.youtube.com\\\/user\\\/presspad\"]}]}<\/script>\n<!-- \/ Yoast SEO plugin. -->","yoast_head_json":{"title":"Dpg-store - Digital Publishing Blog by PressPad","robots":{"index":"index","follow":"follow","max-snippet":"max-snippet:-1","max-image-preview":"max-image-preview:large","max-video-preview":"max-video-preview:-1"},"canonical":"https:\/\/www.presspadapp.com\/blog\/dpg-store\/","og_locale":"en_US","og_type":"article","og_title":"Dpg-store - Digital Publishing Blog by PressPad","og_url":"https:\/\/www.presspadapp.com\/blog\/dpg-store\/","og_site_name":"Digital Publishing Blog by PressPad","article_publisher":"https:\/\/www.facebook.com\/presspad","article_modified_time":"2020-10-18T21:44:19+00:00","twitter_card":"summary_large_image","twitter_site":"@presspadapp","schema":{"@context":"https:\/\/schema.org","@graph":[{"@type":"WebPage","@id":"https:\/\/www.presspadapp.com\/blog\/dpg-store\/","url":"https:\/\/www.presspadapp.com\/blog\/dpg-store\/","name":"Dpg-store - Digital Publishing Blog by PressPad","isPartOf":{"@id":"https:\/\/www.presspadapp.com\/blog\/#website"},"datePublished":"2018-10-23T10:52:14+00:00","dateModified":"2020-10-18T21:44:19+00:00","breadcrumb":{"@id":"https:\/\/www.presspadapp.com\/blog\/dpg-store\/#breadcrumb"},"inLanguage":"en-US","potentialAction":[{"@type":"ReadAction","target":["https:\/\/www.presspadapp.com\/blog\/dpg-store\/"]}]},{"@type":"BreadcrumbList","@id":"https:\/\/www.presspadapp.com\/blog\/dpg-store\/#breadcrumb","itemListElement":[{"@type":"ListItem","position":1,"name":"Home","item":"https:\/\/www.presspadapp.com\/blog\/"},{"@type":"ListItem","position":2,"name":"Dpg-store"}]},{"@type":"WebSite","@id":"https:\/\/www.presspadapp.com\/blog\/#website","url":"https:\/\/www.presspadapp.com\/blog\/","name":"Digital Publishing Blog by PressPad","description":"Digital Publishing Blog; Magazine Apps &amp; Marketing Tips by PressPad","publisher":{"@id":"https:\/\/www.presspadapp.com\/blog\/#organization"},"potentialAction":[{"@type":"SearchAction","target":{"@type":"EntryPoint","urlTemplate":"https:\/\/www.presspadapp.com\/blog\/?s={search_term_string}"},"query-input":{"@type":"PropertyValueSpecification","valueRequired":true,"valueName":"search_term_string"}}],"inLanguage":"en-US"},{"@type":"Organization","@id":"https:\/\/www.presspadapp.com\/blog\/#organization","name":"PressPad","url":"https:\/\/www.presspadapp.com\/blog\/","logo":{"@type":"ImageObject","inLanguage":"en-US","@id":"https:\/\/www.presspadapp.com\/blog\/#\/schema\/logo\/image\/","url":"https:\/\/i0.wp.com\/www.presspadapp.com\/blog\/wp-content\/uploads\/2013\/10\/PressPad_LOGO_main_horizontal_gradient.png?fit=800%2C300&ssl=1","contentUrl":"https:\/\/i0.wp.com\/www.presspadapp.com\/blog\/wp-content\/uploads\/2013\/10\/PressPad_LOGO_main_horizontal_gradient.png?fit=800%2C300&ssl=1","width":800,"height":300,"caption":"PressPad"},"image":{"@id":"https:\/\/www.presspadapp.com\/blog\/#\/schema\/logo\/image\/"},"sameAs":["https:\/\/www.facebook.com\/presspad","https:\/\/x.com\/presspadapp","https:\/\/www.instagram.com\/presspadapp\/","https:\/\/www.linkedin.com\/company\/2033158","https:\/\/www.pinterest.com\/presspad\/","https:\/\/www.youtube.com\/user\/presspad"]}]}},"jetpack_sharing_enabled":true,"jetpack_shortlink":"https:\/\/wp.me\/Pbs6e8-1aW","jetpack-related-posts":[{"id":9441,"url":"https:\/\/presspad.pl\/blog\/dpg-store\/","url_meta":{"origin":4522,"position":0},"title":"Dpg-store","author":"Wojtek Szywalski","date":"October 23, 2018","format":false,"excerpt":"","rel":"","context":"Similar post","block_context":{"text":"Similar post","link":""},"img":{"alt_text":"","src":"","width":0,"height":0},"classes":[]},{"id":9439,"url":"https:\/\/presspad.pl\/blog\/dolacz-do-nas\/","url_meta":{"origin":4522,"position":1},"title":"Do\u0142\u0105cz Do Nas","author":"Wojtek Szywalski","date":"August 5, 2016","format":false,"excerpt":"Ta strona i jej zawarto\u015b\u0107 zosta\u0142y wygenerowane automatycznie, aby da\u0107 ci podstawowy obraz tego, jak powinna wygl\u0105da\u0107 strona \"Do\u0142\u0105cz do nas\". Mo\u017cesz dostosowa\u0107 t\u0119 stron\u0119 w dowolny spos\u00f3b, edytuj\u0105c j\u0105 w edytorze stron WordPress.Je\u015bli ostatecznie zmienisz adres URL tej strony, upewnij si\u0119, \u017ce zaktualizowa\u0142e\u015b warto\u015b\u0107 adresu URL w menu ustawie\u0144\u2026","rel":"","context":"Similar post","block_context":{"text":"Similar post","link":""},"img":{"alt_text":"Przycisk Do\u0142\u0105cz teraz","src":"https:\/\/i0.wp.com\/www.presspadapp.com\/blog\/wp-content\/plugins\/simple-membership\/images\/join-now-button-image.gif?resize=350%2C200&ssl=1","width":350,"height":200},"classes":[]},{"id":9505,"url":"https:\/\/presspad.pl\/blog\/publikowanie-komiksow-na-ipadzie\/","url_meta":{"origin":4522,"position":2},"title":"Publikowanie Komiks\u00f3w Na IPadzie","author":"Wojtek Szywalski","date":"October 19, 2020","format":false,"excerpt":"Opublikuj sw\u00f3j komiksna iPadzieZacznij zarabia\u0107 na swojej pracyPublikuj jak szef!Zosta\u0144 opublikowanym autorem i dotrzyj do u\u017cytkownik\u00f3w mobilnych na ca\u0142ym \u015bwiecie dzi\u0119ki w\u0142asnej aplikacji mobilnej!Cieszymy si\u0119, \u017ce coraz wi\u0119cej wydawc\u00f3w komiks\u00f3w do\u0142\u0105cza do naszego portfolio. To wspania\u0142e dla mobilnych czytelnik\u00f3w (w tym ca\u0142ego zespo\u0142u PressPad). Wydawanie komiks\u00f3wMobilna rewolucja jest tutaj na\u2026","rel":"","context":"Similar post","block_context":{"text":"Similar post","link":""},"img":{"alt_text":"Komiks z logo PressPad","src":"|!|vcvUploadUrl|!|\/comic-book-ipad-presspad-logo-e1603146824771-154x242.png","width":350,"height":200},"classes":[]},{"id":9452,"url":"https:\/\/presspad.pl\/blog\/dziekujemy-za-subskrypcje\/","url_meta":{"origin":4522,"position":3},"title":"Dzi\u0119kujemy Za Subskrypcj\u0119","author":"Wojtek Szywalski","date":"October 2, 2014","format":false,"excerpt":"Witamy z powrotem!Dzi\u0119kujemy za subskrypcj\u0119 bloga PressPad i zapraszamy do korzystania z naszych tre\u015bci premium. Je\u015bli masz jakie\u015b pytania, komentarze lub sugestie dotycz\u0105ce PressPad lub PressPad Lounge, skontaktuj si\u0119 z nami.Ciesz si\u0119 naszymi artyku\u0142ami i samouczkami! Szablony magazyn\u00f3w inDesign","rel":"","context":"Similar post","block_context":{"text":"Similar post","link":""},"img":{"alt_text":"projektowanie aplikacji dla magazyn\u00f3w","src":"https:\/\/i0.wp.com\/www.presspadapp.com\/blog\/wp-content\/uploads\/2014\/03\/How-to-Use-Our-Professional-Magazine-Templates-for-Indesign-300x199.png?resize=350%2C200&ssl=1","width":350,"height":200},"classes":[]},{"id":9496,"url":"https:\/\/presspad.pl\/blog\/szablon-bloga-vc\/","url_meta":{"origin":4522,"position":4},"title":"Szablon Bloga VC","author":"Wojtek Szywalski","date":"November 10, 2020","format":false,"excerpt":"Ron Germon5 czerwca 6 min. readMiejsce, kt\u00f3re chcia\u0142e\u015b odwiedzi\u0107, nie ma sposobu, aby je odkry\u0107.\u00a0Discvoer the wrold you like most service process to the whole world of streaming service long term competition partnership strategy launch party iPad twitter equity non-disclosure agreement. Wska\u017aniki sukcesu bezpo\u015bredni mailing nisko wisz\u0105ce owoce propozycja warto\u015bci\u2026","rel":"","context":"Similar post","block_context":{"text":"Similar post","link":""},"img":{"alt_text":"","src":"|!|vcvUploadUrl|!|\/Blossom.-186x37.png","width":350,"height":200},"classes":[]},{"id":3405,"url":"https:\/\/www.presspadapp.com\/blog\/affiliate-home\/","url_meta":{"origin":4522,"position":5},"title":"Store Affiliates","author":"Wojtek Szywalski","date":"August 5, 2016","format":false,"excerpt":"[AffiliatesHome]","rel":"","context":"Similar post","block_context":{"text":"Similar post","link":""},"img":{"alt_text":"","src":"","width":0,"height":0},"classes":[]}],"amp_enabled":false,"_links":{"self":[{"href":"https:\/\/www.presspadapp.com\/blog\/wp-json\/wp\/v2\/pages\/4522","targetHints":{"allow":["GET"]}}],"collection":[{"href":"https:\/\/www.presspadapp.com\/blog\/wp-json\/wp\/v2\/pages"}],"about":[{"href":"https:\/\/www.presspadapp.com\/blog\/wp-json\/wp\/v2\/types\/page"}],"author":[{"embeddable":true,"href":"https:\/\/www.presspadapp.com\/blog\/wp-json\/wp\/v2\/users\/7"}],"replies":[{"embeddable":true,"href":"https:\/\/www.presspadapp.com\/blog\/wp-json\/wp\/v2\/comments?post=4522"}],"version-history":[{"count":7,"href":"https:\/\/www.presspadapp.com\/blog\/wp-json\/wp\/v2\/pages\/4522\/revisions"}],"predecessor-version":[{"id":10112,"href":"https:\/\/www.presspadapp.com\/blog\/wp-json\/wp\/v2\/pages\/4522\/revisions\/10112"}],"wp:attachment":[{"href":"https:\/\/www.presspadapp.com\/blog\/wp-json\/wp\/v2\/media?parent=4522"}],"curies":[{"name":"wp","href":"https:\/\/api.w.org\/{rel}","templated":true}]}}